{"id":2097,"date":"2024-07-08T17:22:02","date_gmt":"2024-07-08T09:22:02","guid":{"rendered":"https:\/\/www.keweitrading.com\/?post_type=product&#038;p=2097"},"modified":"2024-07-11T16:34:39","modified_gmt":"2024-07-11T08:34:39","slug":"outdoor-modern-gas-fireplaces-in-corten-steel","status":"publish","type":"product","link":"https:\/\/www.keweitrading.com\/pt\/outdoor-modern-gas-fireplaces-in-corten-steel\/","title":{"rendered":"lareiras a g\u00e1s modernas para exteriores em a\u00e7o corten"},"content":{"rendered":"<p>As nossas lareiras a g\u00e1s modernas s\u00e3o concebidas a partir do zero, combinando o melhor dos materiais de ponta com um design funcional. O seu principal destaque \u00e9 a utiliza\u00e7\u00e3o do excelente a\u00e7o corten, que \u00e9 conhecido pela sua excelente resist\u00eancia \u00e0 corros\u00e3o e \u00e0s intemp\u00e9ries. Mesmo em ambientes exteriores adversos, consegue manter a resist\u00eancia e a beleza a longo prazo sem manuten\u00e7\u00e3o adicional do revestimento. O a\u00e7o corten, que reduz consideravelmente o custo de utiliza\u00e7\u00e3o e a frequ\u00eancia de manuten\u00e7\u00e3o, \u00e9 a escolha ideal para a procura de conceitos de durabilidade a longo prazo e de prote\u00e7\u00e3o ambiental.<\/p>\n<p>&nbsp;<\/p>\n<h2>Porqu\u00ea escolher o a\u00e7o corten como material das modernas lareiras a g\u00e1s?<\/h2>\n<p>Porque n\u00e3o s\u00f3 representa o respeito e a adapta\u00e7\u00e3o ao ambiente natural, como tamb\u00e9m confere ao produto uma beleza \u00fanica de vest\u00edgios do tempo. Com o passar do tempo, a sua superf\u00edcie vai formando gradualmente uma camada protetora est\u00e1vel de cor vermelho-ferrugem, que n\u00e3o s\u00f3 protege o a\u00e7o interno, como acrescenta um toque art\u00edstico, fazendo de cada produto um cen\u00e1rio \u00fanico.<\/p>\n<p>&nbsp;<\/p>\n<p>Para al\u00e9m disso, o produto est\u00e1 tamb\u00e9m equipado com vidro visual resistente a altas temperaturas. Este vidro n\u00e3o s\u00f3 tem uma excelente resist\u00eancia a altas temperaturas, como tamb\u00e9m pode permanecer claro e transparente em ambientes de alta temperatura, permitindo que as opera\u00e7\u00f5es internas sejam vistas de relance, aumentando a seguran\u00e7a e a conveni\u00eancia da utiliza\u00e7\u00e3o; ao mesmo tempo, o seu excelente isolamento O desempenho t\u00e9rmico tamb\u00e9m garante uma gest\u00e3o eficiente do calor, melhorando a efici\u00eancia energ\u00e9tica global.<\/p>\n<p>&nbsp;<\/p>\n<h2>Uma variedade de op\u00e7\u00f5es de combust\u00edvel \u00e0 escolha para a lareira a g\u00e1s exterior<\/h2>\n<p>A fim de satisfazer as necessidades energ\u00e9ticas de diferentes utilizadores, fornecemos uma variedade de op\u00e7\u00f5es de combust\u00edvel: quer se trate de propano limpo e eficiente ou de g\u00e1s natural ecol\u00f3gico e econ\u00f3mico, podem ser facilmente adaptados, permitindo aos utilizadores desfrutar de uma experi\u00eancia conveniente de cozinhar ou aquecer, ao mesmo tempo que se podem ajustar de acordo com as suas necessidades. Fa\u00e7a a melhor escolha de acordo com as suas pr\u00f3prias condi\u00e7\u00f5es e concretize o conceito de vida verde.<\/p>\n<p>Por fim, as contas de vidro azuis embelezam o produto, n\u00e3o s\u00f3 acrescentando uma cor fresca e brilhante ao design geral, mas tamb\u00e9m implicando tranquilidade e profundidade, tornando cada utiliza\u00e7\u00e3o num prazer visual e espiritual. Estes pormenores de design s\u00e3o um reflexo da nossa busca incessante de uma vida de qualidade.<\/p>\n<p>&nbsp;<\/p>\n<h2>Aplica\u00e7\u00e3o da lareira moderna a g\u00e1s<\/h2>\n<p>Esta lareira a g\u00e1s moderna \u00e9 amplamente utilizada numa variedade de espa\u00e7os habitacionais com o seu design elegante e excelente desempenho, acrescentando calor e conforto a diferentes cen\u00e1rios. Numa sala de estar espa\u00e7osa, n\u00e3o \u00e9 apenas uma ferramenta pr\u00e1tica para aquecimento, mas tamb\u00e9m uma obra de arte que real\u00e7a o estilo da casa, criando uma atmosfera quente e agrad\u00e1vel, tornando as reuni\u00f5es familiares mais confort\u00e1veis.<\/p>\n<p>Para as moradias que procuram uma vida de alta qualidade, esta lareira a g\u00e1s \u00e9 uma pe\u00e7a indispens\u00e1vel. N\u00e3o s\u00f3 pode aumentar rapidamente a temperatura interior, como o seu design \u00fanico pode tamb\u00e9m complementar a decora\u00e7\u00e3o luxuosa da moradia, real\u00e7ando o gosto extraordin\u00e1rio do propriet\u00e1rio.<\/p>\n<p>No \u00e1trio do hotel ou no quarto de h\u00f3spedes, a lareira a g\u00e1s tornou-se um ponto alto para atrair os h\u00f3spedes com o seu encanto \u00fanico. Quer seja no inverno frio ou na primavera e no outono, pode dar um toque de calor e conforto aos h\u00f3spedes e melhorar a experi\u00eancia geral de alojamento.<\/p>\n<p>Os jardins exteriores, os p\u00e1tios, as varandas e os terra\u00e7os nos telhados tamb\u00e9m s\u00e3o adequados para a coloca\u00e7\u00e3o desta lareira a g\u00e1s. Em dias de sol ou de brisa, a lareira a g\u00e1s pode n\u00e3o s\u00f3 fornecer o calor necess\u00e1rio para as reuni\u00f5es ao ar livre, mas o seu efeito visual \u00fanico pode tamb\u00e9m tornar-se parte da paisagem, acrescentando um encanto \u00fanico, tornando o tempo ao ar livre mais bonito e memor\u00e1vel. Quer se trate de uma reuni\u00e3o familiar, de um churrasco com amigos ou de um momento de tranquilidade a s\u00f3s, esta lareira a g\u00e1s \u00e9 a companhia ideal para a sua vida ao ar livre.<\/p>","protected":false},"excerpt":{"rendered":"<p>As nossas lareiras a g\u00e1s para exterior combinam materiais de ponta com designs pr\u00e1ticos. O principal destaque \u00e9 o a\u00e7o resistente \u00e0s intemp\u00e9ries. A sua excelente resist\u00eancia \u00e0 corros\u00e3o e \u00e0s intemp\u00e9ries garante que os produtos sejam duradouros, fortes e bonitos. N\u00e3o \u00e9 necess\u00e1ria qualquer manuten\u00e7\u00e3o adicional, o que reduz os custos e \u00e9 a melhor escolha em termos de durabilidade e prote\u00e7\u00e3o ambiental. O a\u00e7o resistente \u00e0s intemp\u00e9ries n\u00e3o s\u00f3 respeita a natureza, como tamb\u00e9m d\u00e1 ao produto uma sensa\u00e7\u00e3o de tempo. Com o passar dos anos, forma uma camada protetora \u00fanica de cor vermelho-ferrugem, que tem tanto de prote\u00e7\u00e3o como de valor art\u00edstico.<\/p>\n<p>A lareira a g\u00e1s moderna est\u00e1 equipada com vidro visual resistente a altas temperaturas, que \u00e9 claro e transparente, melhora a seguran\u00e7a e a comodidade, gere eficazmente o calor e melhora a efici\u00eancia energ\u00e9tica. Oferece uma variedade de op\u00e7\u00f5es de combust\u00edvel, como o propano e o g\u00e1s natural, para satisfazer diferentes necessidades e defender uma vida ecol\u00f3gica.<\/p>\n<p>A decora\u00e7\u00e3o com contas de vidro azuis confere cores frescas e uma atmosfera tranquila. Cada utiliza\u00e7\u00e3o \u00e9 um prazer visual e espiritual, real\u00e7ando a nossa busca incessante de uma vida de qualidade.<\/p>","protected":false},"featured_media":2098,"template":"","meta":[],"product_brand":[],"product_cat":[22],"product_tag":[],"class_list":["post-2097","product","type-product","status-publish","has-post-thumbnail","product_cat-fireplace","first","instock","shipping-taxable","product-type-simple"],"_links":{"self":[{"href":"https:\/\/www.keweitrading.com\/pt\/wp-json\/wp\/v2\/product\/2097","targetHints":{"allow":["GET"]}}],"collection":[{"href":"https:\/\/www.keweitrading.com\/pt\/wp-json\/wp\/v2\/product"}],"about":[{"href":"https:\/\/www.keweitrading.com\/pt\/wp-json\/wp\/v2\/types\/product"}],"version-history":[{"count":0,"href":"https:\/\/www.keweitrading.com\/pt\/wp-json\/wp\/v2\/product\/2097\/revisions"}],"wp:featuredmedia":[{"embeddable":true,"href":"https:\/\/www.keweitrading.com\/pt\/wp-json\/wp\/v2\/media\/2098"}],"wp:attachment":[{"href":"https:\/\/www.keweitrading.com\/pt\/wp-json\/wp\/v2\/media?parent=2097"}],"wp:term":[{"taxonomy":"product_brand","embeddable":true,"href":"https:\/\/www.keweitrading.com\/pt\/wp-json\/wp\/v2\/product_brand?post=2097"},{"taxonomy":"product_cat","embeddable":true,"href":"https:\/\/www.keweitrading.com\/pt\/wp-json\/wp\/v2\/product_cat?post=2097"},{"taxonomy":"product_tag","embeddable":true,"href":"https:\/\/www.keweitrading.com\/pt\/wp-json\/wp\/v2\/product_tag?post=2097"}],"curies":[{"name":"wp","href":"https:\/\/api.w.org\/{rel}","templated":true}]}}

lareiras a gás modernas para exteriores em aço corten

<p>As nossas lareiras a gás modernas são concebidas a partir do zero, combinando o melhor dos materiais de ponta com um design funcional. O seu principal destaque é a utilização do excelente aço corten, que é conhecido pela sua excelente resistência à corrosão e às intempéries. Mesmo em ambientes exteriores adversos, consegue manter a resistência e a beleza a longo prazo sem manutenção adicional do revestimento. O aço corten, que reduz consideravelmente o custo de utilização e a frequência de manutenção, é a escolha ideal para a procura de conceitos de durabilidade a longo prazo e de proteção ambiental.</p>
<p>&nbsp;</p>
<h2>Porquê escolher o aço corten como material das modernas lareiras a gás?</h2>
<p>Porque não só representa o respeito e a adaptação ao ambiente natural, como também confere ao produto uma beleza única de vestígios do tempo. Com o passar do tempo, a sua superfície vai formando gradualmente uma camada protetora estável de cor vermelho-ferrugem, que não só protege o aço interno, como acrescenta um toque artístico, fazendo de cada produto um cenário único.</p>
<p>&nbsp;</p>
<p>Para além disso, o produto está também equipado com vidro visual resistente a altas temperaturas. Este vidro não só tem uma excelente resistência a altas temperaturas, como também pode permanecer claro e transparente em ambientes de alta temperatura, permitindo que as operações internas sejam vistas de relance, aumentando a segurança e a conveniência da utilização; ao mesmo tempo, o seu excelente isolamento O desempenho térmico também garante uma gestão eficiente do calor, melhorando a eficiência energética global.</p>
<p>&nbsp;</p>
<h2>Uma variedade de opções de combustível à escolha para a lareira a gás exterior</h2>
<p>A fim de satisfazer as necessidades energéticas de diferentes utilizadores, fornecemos uma variedade de opções de combustível: quer se trate de propano limpo e eficiente ou de gás natural ecológico e económico, podem ser facilmente adaptados, permitindo aos utilizadores desfrutar de uma experiência conveniente de cozinhar ou aquecer, ao mesmo tempo que se podem ajustar de acordo com as suas necessidades. Faça a melhor escolha de acordo com as suas próprias condições e concretize o conceito de vida verde.</p>
<p>Por fim, as contas de vidro azuis embelezam o produto, não só acrescentando uma cor fresca e brilhante ao design geral, mas também implicando tranquilidade e profundidade, tornando cada utilização num prazer visual e espiritual. Estes pormenores de design são um reflexo da nossa busca incessante de uma vida de qualidade.</p>
<p>&nbsp;</p>
<h2>Aplicação da lareira moderna a gás</h2>
<p>Esta lareira a gás moderna é amplamente utilizada numa variedade de espaços habitacionais com o seu design elegante e excelente desempenho, acrescentando calor e conforto a diferentes cenários. Numa sala de estar espaçosa, não é apenas uma ferramenta prática para aquecimento, mas também uma obra de arte que realça o estilo da casa, criando uma atmosfera quente e agradável, tornando as reuniões familiares mais confortáveis.</p>
<p>Para as moradias que procuram uma vida de alta qualidade, esta lareira a gás é uma peça indispensável. Não só pode aumentar rapidamente a temperatura interior, como o seu design único pode também complementar a decoração luxuosa da moradia, realçando o gosto extraordinário do proprietário.</p>
<p>No átrio do hotel ou no quarto de hóspedes, a lareira a gás tornou-se um ponto alto para atrair os hóspedes com o seu encanto único. Quer seja no inverno frio ou na primavera e no outono, pode dar um toque de calor e conforto aos hóspedes e melhorar a experiência geral de alojamento.</p>
<p>Os jardins exteriores, os pátios, as varandas e os terraços nos telhados também são adequados para a colocação desta lareira a gás. Em dias de sol ou de brisa, a lareira a gás pode não só fornecer o calor necessário para as reuniões ao ar livre, mas o seu efeito visual único pode também tornar-se parte da paisagem, acrescentando um encanto único, tornando o tempo ao ar livre mais bonito e memorável. Quer se trate de uma reunião familiar, de um churrasco com amigos ou de um momento de tranquilidade a sós, esta lareira a gás é a companhia ideal para a sua vida ao ar livre.</p>

<p>As nossas lareiras a gás para exterior combinam materiais de ponta com designs práticos. O principal destaque é o aço resistente às intempéries. A sua excelente resistência à corrosão e às intempéries garante que os produtos sejam duradouros, fortes e bonitos. Não é necessária qualquer manutenção adicional, o que reduz os custos e é a melhor escolha em termos de durabilidade e proteção ambiental. O aço resistente às intempéries não só respeita a natureza, como também dá ao produto uma sensação de tempo. Com o passar dos anos, forma uma camada protetora única de cor vermelho-ferrugem, que tem tanto de proteção como de valor artístico.</p>
<p>A lareira a gás moderna está equipada com vidro visual resistente a altas temperaturas, que é claro e transparente, melhora a segurança e a comodidade, gere eficazmente o calor e melhora a eficiência energética. Oferece uma variedade de opções de combustível, como o propano e o gás natural, para satisfazer diferentes necessidades e defender uma vida ecológica.</p>
<p>A decoração com contas de vidro azuis confere cores frescas e uma atmosfera tranquila. Cada utilização é um prazer visual e espiritual, realçando a nossa busca incessante de uma vida de qualidade.</p>
